 -2)) + -4.
-2
(-4 - 1) + 6 - -1 - -1
3
1 + -1 - (66 - 72)
6
Evaluate (0 - -2) + (3 + -3 - 5).
-3
What is the value of (-2 - 0) + 5 - (0 + 8)?
-5
What is 20 - 15 - (5 + 1)?
-1
What is -8 + 8 + 1 + -9?
-8
What is (0 - 4) + -15 + 6 + 14?
1
Calculate (2 + 1 - -3) + -3.
3
Evaluate 0 + 4 - ((13 - 0) + -4).
-5
6 + (-14 - (3 + -2)) - -3
-6
What is (-4 - 0 - (7 + -8)) + 4?
1
Calculate -13 + 16 + -1 + -7.
-5
What is the value of -3 + -7 + (-6 - -11)?
-5
Calculate (-8 - -12 - 12) + 7.
-1
What is the value of -7 - (-3 + -1 - 6)?
3
Evaluate 6 + 9 + -11 + -6.
-2
What is 6 - ((-7 - -2) + 8 - -1)?
2
-6 - (8 + -3 + -11)
0
What is -6 - (-6 + 3 + -4)?
1
What is the value of 0 - 1 - 0 - (-2 + 1)?
0
Calculate -4 - -3 - (5 - 11).
5
4 - (0 - (5 + -9))
0
4 - 1 - (8 + -11 - -8)
-2
Evaluate (4 - 6) + (1 - 0).
-1
What is -1 + -2 + -1 + 23 + -19?
0
Evaluate -3 + (-1 - (7 + -10)).
-1
What is 23 + -27 - (1 + -4)?
-1
What is the value of -1 + -7 - (33 - 38)?
-3
What is -20 + 18 + (-2 - -2)?
-2
Calculate 7 - (-21 + 11 + 27).
-10
What is the value of -2 + -6 - (-9 + 10)?
-9
What is (-9 - 1) + (-46 - -52)?
-4
What is the value of 1 - (3 + -7 + 8)?
-3
Evaluate 2 + -1 + -2 + (-1 - 1).
-3
(8 + 5 - 4) + -13
-4
What is the value of (7 - 8) + 2 + 0?
1
Calculate (-7 + -3 + 1 - -3) + 4.
-2
What is the value of 3 - 3 - (21 + -19)?
-2
Evaluate 5 + 1 + -3 - 8.
-5
What is 8 + -1 + (-4 - -2)?
5
(-4 - -1) + (3 - -3)
3
What is (12 - 9) + 2 - 11?
-6
Evaluate -8 - -6 - (1 + -5).
2
What is the value of 11 + -7 - (4 + 0 - 1)?
1
Calculate (0 - 0 - (-1 - 0)) + -1.
0
Calculate 5 - (6 + -12 - -9) - -4.
6
Calculate (-3 + -1 + 6 - 4) + 6.
4
Calculate (-10 - -13) + 0 + -4.
-1
Calculate 0 - -7 - 2 - 11.
-6
What is -3 + 6 + -3 + (-2 - 3)?
-5
(-5 + 13 - 19) + 4
-7
Calculate -2 - (-5 - -2) - (10 - 9).
0
-3 + (3 - (1 + -2))
1
(-10 - -2) + (2 - (-23 + 8))
9
Evaluate 3 - (-2 - -3) - (2 - -3).
-3
What is the value of -4 - (-7 + (4 - 2))?
1
15 - (21 - (-7 + 11))
-2
-4 - (2 - (7 + 5)) - 2
4
What is the value of (-3 - (1 + -3)) + 24 + -26?
-3
Calculate -1 - (1 + -2) - -5.
5
What is 1 + -4 - (-2 + -5)?
4
What is the value of -4 - -5 - (-2 + 1) - 4?
-2
What is 4 + 5 + -18 + 7?
-2
What is -2 - (-2 - (12 - 5))?
7
(-9 - -1) + -4 + (10 - 2)
-4
Evaluate -1 + -2 - (6 + -9 + 4).
-4
-5 - -9 - 5 - 2
-3
Evaluate -22 - -22 - (-5 + 1).
4
What is the value of 9 + 0 + -5 - 3?
1
What is the value of -7 - (-1 + -5) - 2?
-3
-12 + (-1 - -6) - -14
7
Calculate (-6 + 2 - -5) + 4 + -2.
3
(12 - (-6 + 16)) + (1 - 0)
3
What is the value of 8 + -9 - (-4 - 3 - -3)?
3
Evaluate -11 + (2 + (-1 - -4) - 0).
-6
Evaluate (-8 - -1) + (-4 + 1 - -5).
-5
What is the value of -3 - (10 + -12 - 6)?
5
What is -6 + 2 - (8 - 12)?
0
What is the value of -4 + 3 - (-5 - (-8 - -5))?
1
What is -5 + (1 - (-10 - -3)) - 4?
-1
Calculate -2 - (2 + -4 - 0).
0
Evaluate (3 - -2) + (5 - 5 - 2).
3
Calculate (-4 - -2) + 6 + 0 - -2.
6
What is 6 + -1 + (-273 - -276)?
8
What is the value of -2 + -5 - (-15 - -8)?
0
Calculate 3 + -2 - (-2 + 0).
3
Evaluate 13 - (13 - (-14 - -6)).
-8
Evaluate 1 - -9 - (-2 + 10).
2
What is (-3 - 2) + (4 - (1 + -4))?
2
4 - (2 - -5) - (-11 + 7)
1
What is 3 - 11 - (1 + -8)?
-1
5 + -1 + 4 - 2
6
Calculate 9 + (-1 - (8 - -3)).
-3
What is 13 + -12 + 2 + -6?
-3
9 + 0 - (-2 + 2 + 4)
5
Evaluate 0 + -4 - (12 - (14 - 2)).
-4
Calculate 5 - (0 - (5 - 12 - -3)).
1
What is -5 - (10 - 16 - (0 - 5))?
-4
-8 + (1 + -1 - -2) + 2
-4
(-1 - (0 - 3)) + -1
1
What is (-15 - -4) + (0 - (-7 - -2))?
-6
10 - 12 - (-2 + -1)
1
Calculate (-2 - 1) + 1 - (29 - 29).
-2
-2 - -2 - (-37 + 40)
-3
Calculate (2 - (-2 - 3) - -2) + -3.
6
What is the value of -7 + (0 + -3 + 2 - -5)?
-3
What is the value of -7 + 2 + (3 - -2)?
0
Evaluate 3 + 1 + 1 + -5 + -2.
-2
What is (3 - 1) + 9 + -5 + -2?
4
What is the value of -1 + 3 + -8 + -1 + 4?
-3
3 + 2 - ((4 - 6) + 2)
5
(-9 - -14) + 13 - 8
10
Evaluate -7 - 0 - (-4 + 2 + -2).
-3
Evaluate (2 - -4 - -1) + 2 + -2.
7
What is the value of -10 - (-5 + 4 + -4 + 1)?
-6
-1 - (9 + -2) - -9
1
Evaluate (-7 + 8 - (-2 - 0)) + -2.
1
Calculate 2 + -3 + 36 + -31.
4
What is the value of (1 - 6) + 0 - -6?
1
Calculate 9 - (3 - -1) - 7.
-2
What is (5 + -10 + 8 - 3) + 4?
4
What is the value of 0 - (4 - 3 - 5)?
4
Calculate 1 + (3 - 7 - -13) + -5.
5
Calculate (6 - (-5 - -17)) + 7.
1
Evaluate (-10 - -1) + (177 - 165).
3
What is 10 + 6 + -5 + -8?
3
What is the value of -8 + 9 + 1 + -1?
1
Evaluate (5 - 7) + (2 - 0).
0
What is the value of (0 - (-3 - -1)) + 5 + -3?
4
(2 - (2 + (4 - 10))) + -2
4
Evaluate 1 - (-4 - 2 - -3).
4
-2 + 2 + 2 + (-6 - -1)
-3
7 + -6 + (-3 - 0) + 8
6
Calculate -4 + 3 + 0 + 0 + -6.
-7
Calculate 3 + 1 + -4 - (0 - 3).
3
Calculate -2 + (-2 - (5 + -9)) - -1.
1
Calculate (3 - -1) + -3 - (-37 - -33).
5
What is (-3 - (0 - 4)) + 4 + -4?
1
Evaluate -3 - (3 + 3 + -5 - 3).
-1
Evaluate -4 - (7 + -7) - -2.
-2
What is the value of (54 - 53) + (4 - (-2 - -3))?
4
0 + -4 + (-12 - (-10 + -4))
-2
1 + 1 + -8 + 2
-4
Evaluate 10 - 15 - (-1 + 2 - 3).
-3
Evaluate -6 + -1 + 3 + 3.
-1
0 + -6 + 3 + 0
-3
Evaluate 8 - (7 + -3) - -1.
5
What is the value of 2 + (-2 - -5 - 4)?
1
-1 + (-10 - -8) - -6
3
Calculate -4 + (-10 - -1) + 9.
-4
What is the value of -8 + (18 + -7 - 5 - -12)?
10
Calculate -1 + 3 + -3 + (4 - 2).
1
0 - -17 - (265 + -252)
4
What is (-1 - 1) + 1 + -4 + 2?
-3
5 - 1 - (2 - 2)
4
Evaluate 1 - (-3 - -9 - (0 - 0)).
-5
What is the value of 0 + -1 + -1 + 1 + 6?
5
What is the value of 8 + -12 + 11 - 3?
4
-4 - (4 - 10) - 8 - -3
-3
-5 - -1 - -3 - (4 - 1)
-4
Evaluate 7 - 8 - (3 + 0).
-4
What is the value of -3 + (1 - (-2 + (7 - 0)))?
-7
What is the value of -7 + 10 + (-4 - -3) + 0?
2
Calculate (4 - (2 - 6) - 4) + -6.
-2
2 + (-1 - 5) - (27 + -25)
-6
What is the value of (-6 - -5 - -2) + -3?
-2
What is 2 - 1 - (3 + -7 - -1)?
4
What is the value of 4 - (-2 + 1 - (-1 + -2))?
2
What is the value of 9 - 8 - (3 - 0)?
-2
What is the value of (4 - -1) + (17 - 19)?
3
Evaluate 2 + -9 - (6 - 10).
-3
-4 - (6 - 3 - (-6 - -4))
-9
What is 4 + (3 - -3) - (-2 + 6)?
6
Calculate -4 + -7 - -6 - 1.
-6
Evaluate 4 + -1 + 3 + -2.
4
What is (-5 - -3) + -1 + -3?
-6
What is the value of (-1 - 1) + 4 - (-1 - -3)?
0
What is the value of -3 - (1 + -2 - -1)?
-3
Evaluate -7 - ((7 - 7) + 1).
-8
What is -20 - -8 - (-8 - -1)?
-5
What is (7 - 6) + (1 - 5) + 1?
-2
What is the value of 4 + 0 + -4 - (0 - -3)?
-3
(-14 - -4 - -18) + (0 - 4)
4
Evaluate -4 + 2 - (-7 + (-8 - -16)).
-3
-6 - -8 - (-3 + -2 + 4)
3
Evaluate (-2 - (-3 - -1)) + 328 + -321.
7
Evaluate 7 - ((1 - -12 - 5) + 0).
-1
What is -1 - (0 - (4 - (0 - 1)))?
4
What is the value of -1 + 2 - (-14 - (-19 + -2))?
-6
Calculate 4 + 0 + -8 + 3.
-1
Calculate 0 + (-4 - -6) + 2 - 7.
-3
-23 - -8 - (-7 + 0)
-8
What is the value of -12 - ((-14 - -6) + 0)?
-4
Calculate 2 + (-8 - (-2 + -1)).
-3
What is 15 - (-1 + 3 + (3 - -1))?
9
What is 0 - (-1 - -3 - (0 - -2))?
0
1 - -2 - (-8 - -6)
5
Evaluate -4 - (-3 + (4 - 3) + 1).
-3
Evaluate (-17 + 6 - -8) + (3 - 3).
-3
What is (-3 - -12) + -8 + 4?
5
What is -7 + 10 - (3 - 2) - 6?
-4
Calculate 0 - (-10 - (-1 + -1 - 5)).
3
Calculate -4 + 5 - (1 - (-1 - 2)).
-3
4 - (0 + 7) - -4
1
What is -14 + 15 - (0 + 2)?
-1
Calculate -3 - (1 - (-6 + 5 + -1)).
-6
What is the value of (9 - 9) + 3 + -1?
2
Calculate 5 + 4 + (-15 - 2).
-8
Calculate (-8 - -3) + 1 + 3.
-1
Calculate (-1 - (-2 - 2)) + 1 + -2.
2
1 - (0 - 2) - (9 + -5)
-1
What is 0 + -4 - (0 + 0 + -3)?
-1
-2 + 1 + (4 - 1) - 5
-3
Evaluate -4 + (4 - (0 - 2)).
2
Evaluate 4 + 5 + -18 + 5.
-4
-1 - (-4 + -7 - -10)
0
What is (-15 - -22) + (-5 - 1 - -1)?
2
What is the value of 9 + 0 - (-1 + -8 - -15)?
3
Evaluate -2 + 0 + (3 - 3).
-2
Calculate (-5 + (-2 - -4) - -5) + -4.
-2
What is 5 + -6 + -3 + -1?
-5
Evaluate 7 - ((3 - 1) + 2).
3
6 - (1 - -6 - (29 - 35))
-7
Evaluate -1 - 2 - -10 - 3.
4
What is the value of (3 - (-18 + 11)) + -13?
-3
What is 9 + -1 + -2 + -2?
4
What is 0 - -4 - (18 - 19)?
5
What is the value of 4 - 1 - (-1 - -9)?
-5
Calculate (3 - 5) + 2 + 0.
0
-5 - (3 - (5 + -2) - 2)
-3
What is -4 - (0 - (4 - -1))?
1
What is 2 - (-4 + 6 - -3)?
-3
-4 - (-5 + 4 + 2) - -6
1
(11 + -3 - 7) + -3
-2
Calculate 93 + -93 + 0 + 3 + 0.
3
What is (4 - -7 - 4) + (0 - 4)?
3
Calculate 5 - (1 - -2) - 0.
2
(-3 - 0) + 2 + 1 + 1
1
What is the value of 1 + 5 + (2 - 4) + -1?
3
What is (-5 - -2) + 9 + -7 + 2?
1
Calculate -2 -